{"id":5529,"date":"2024-04-12T18:15:52","date_gmt":"2024-04-12T18:15:52","guid":{"rendered":"https:\/\/colon.gob.mx\/inicio\/?page_id=5529"},"modified":"2026-02-03T09:36:09","modified_gmt":"2026-02-03T15:36:09","slug":"convocatorias-uaq","status":"publish","type":"page","link":"https:\/\/colon.gob.mx\/inicio\/convocatorias-uaq\/","title":{"rendered":"Convocatorias UAQ"},"content":{"rendered":"\t\t<div data-elementor-type=\"wp-page\" data-elementor-id=\"5529\" class=\"elementor elementor-5529\">\n\t\t\t\t\t\t<section class=\"elementor-section elementor-top-section elementor-element elementor-element-85e6c65 elementor-section-boxed elementor-section-height-default elementor-section-height-default\" data-id=\"85e6c65\" data-element_type=\"section\" data-e-type=\"section\">\n\t\t\t\t\t\t<div class=\"elementor-container elementor-column-gap-default\">\n\t\t\t\t\t<div class=\"elementor-column elementor-col-100 elementor-top-column elementor-element elementor-element-bfda763\" data-id=\"bfda763\" data-element_type=\"column\" data-e-type=\"column\">\n\t\t\t<div class=\"elementor-widget-wrap elementor-element-populated\">\n\t\t\t\t\t\t<div class=\"elementor-element elementor-element-015f161 elementor-widget elementor-widget-html\" data-id=\"015f161\" data-element_type=\"widget\" data-e-type=\"widget\" data-widget_type=\"html.default\">\n\t\t\t\t<div class=\"elementor-widget-container\">\n\t\t\t\t\t<!-- M\u00d3DULO: Promoci\u00f3n - Convocatorias y procesos de admisi\u00f3n UAQ 2026 -->\r\n<style>\r\n  :root {\r\n    --primary: #470a68;\r\n    --secondary: #fd6125;\r\n    --support: #68bd9d;\r\n    --accent: #ffbb17;\r\n    --bg: #ffffff;\r\n    --text: #111111;\r\n    --muted: #5b5b5b;\r\n    --radius: 10px;\r\n  }\r\n  .convocatoria-container {\r\n    margin: 0;\r\n    background: linear-gradient(180deg, rgba(71,10,104,0.04), rgba(104,189,157,0.03));\r\n    border: 1px solid rgba(71,10,104,0.10);\r\n    border-radius: var(--radius);\r\n    padding: 22px;\r\n    box-shadow: 0 6px 20px rgba(71,10,104,0.06);\r\n    font-family: Inter, \"Helvetica Neue\", Arial, sans-serif;\r\n    color: var(--text);\r\n  }\r\n  .conv-header {\r\n    display: flex;\r\n    gap: 12px;\r\n    align-items: start;\r\n    margin-bottom: 12px;\r\n  }\r\n  .conv-logo {\r\n    width: 56px;\r\n    height: 56px;\r\n    min-width: 56px;\r\n    border-radius: 8px;\r\n    background: linear-gradient(135deg, var(--primary), var(--secondary));\r\n    display: flex;\r\n    align-items: center;\r\n    justify-content: center;\r\n    color: #fff;\r\n    font-weight: 700;\r\n    font-size: 18px;\r\n    box-shadow: 0 4px 12px rgba(71,10,104,0.15);\r\n  }\r\n  .conv-title {\r\n    font-size: 24px;\r\n    line-height: 1.15;\r\n    color: var(--primary);\r\n    text-transform: uppercase;\r\n    letter-spacing: 0.5px;\r\n    margin: 0;\r\n    text-align: left;\r\n    font-weight: 800;\r\n  }\r\n  .conv-sub {\r\n    font-size: 17px;\r\n    color: var(--muted);\r\n    margin: 4px 0 0 0;\r\n    font-weight: 500;\r\n  }\r\n  .conv-content {\r\n    margin-top: 14px;\r\n    background: #fff;\r\n    border-radius: 8px;\r\n    padding: 16px;\r\n    border: 1px solid rgba(71,10,104,0.05);\r\n  }\r\n  .conv-section {\r\n    margin-bottom: 14px;\r\n  }\r\n  .conv-section h3 {\r\n    margin: 0 0 8px 0;\r\n    font-size: 14px;\r\n    color: var(--primary);\r\n    text-transform: uppercase;\r\n    letter-spacing: 0.7px;\r\n    font-weight: 700;\r\n  }\r\n  .conv-text {\r\n    white-space: pre-wrap;\r\n    font-size: 14px;\r\n    color: #212121;\r\n    line-height: 1.5;\r\n  }\r\n  .conv-text b {\r\n    font-weight: 700;\r\n    color: var(--secondary);\r\n  }\r\n  \/* GALER\u00cdA *\/\r\n  .conv-gallery {\r\n    margin: 20px 0;\r\n    display: grid;\r\n    grid-template-columns: repeat(auto-fit, minmax(140px, 1fr));\r\n    gap: 12px;\r\n  }\r\n  .conv-item {\r\n    text-align: center;\r\n  }\r\n  .conv-item img {\r\n    width: 100%;\r\n    aspect-ratio: 1 \/ 1;\r\n    object-fit: cover;\r\n    border-radius: 10px;\r\n    border: 1px solid rgba(71,10,104,0.12);\r\n    box-shadow: 0 3px 10px rgba(71,10,104,0.08);\r\n    transition: transform 0.3s ease, box-shadow 0.3s ease;\r\n  }\r\n  .conv-item img:hover {\r\n    transform: scale(1.04);\r\n    box-shadow: 0 6px 18px rgba(71,10,104,0.18);\r\n  }\r\n  .conv-caption {\r\n    font-size: 12px;\r\n    color: var(--muted);\r\n    margin-top: 6px;\r\n    font-style: italic;\r\n  }\r\n  \/* ACCIONES *\/\r\n  .conv-actions {\r\n    display: flex;\r\n    flex-wrap: wrap;\r\n    gap: 12px;\r\n    align-items: center;\r\n    margin-top: 20px;\r\n  }\r\n  .btn-download {\r\n    position: relative;\r\n    display: inline-flex;\r\n    gap: 8px;\r\n    align-items: center;\r\n    justify-content: center;\r\n    padding: 12px 20px;\r\n    border-radius: 8px;\r\n    background: linear-gradient(90deg, var(--support), #4fd9b2);\r\n    color: #fff !important;\r\n    text-decoration: none;\r\n    font-weight: 700;\r\n    font-size: 15px;\r\n    border: none;\r\n    cursor: pointer;\r\n    box-shadow: 0 6px 18px rgba(104,189,157,0.4);\r\n    animation: bouncePulse 4.5s ease-in-out infinite;\r\n  }\r\n  .btn-download:hover {\r\n    background: var(--support);\r\n    transform: translateY(-3px);\r\n    box-shadow: 0 10px 24px rgba(104,189,157,0.5);\r\n  }\r\n  @keyframes bouncePulse {\r\n    0%, 100% { transform: scale(1); }\r\n    30% { transform: scale(1.05); }\r\n    60% { transform: scale(0.97); }\r\n  }\r\n  .btn-outline {\r\n    padding: 11px 16px;\r\n    border-radius: 8px;\r\n    background: transparent;\r\n    border: 1.5px solid var(--primary);\r\n    color: var(--primary);\r\n    font-weight: 700;\r\n    font-size: 14px;\r\n    text-decoration: none;\r\n    display: inline-flex;\r\n    gap: 8px;\r\n    align-items: center;\r\n  }\r\n  .btn-outline:hover {\r\n    background: rgba(71,10,104,0.08);\r\n  }\r\n  .meta-note {\r\n    font-size: 13px;\r\n    color: var(--muted);\r\n    margin-left: auto;\r\n    font-style: italic;\r\n  }\r\n  @media (max-width: 640px) {\r\n    .conv-header { gap: 10px; align-items: start; }\r\n    .conv-logo { width: 48px; height: 48px; min-width: 48px; font-size: 16px; }\r\n    .conv-actions { flex-direction: column; align-items: stretch; }\r\n    .meta-note { margin-left: 0; margin-top: 10px; text-align: left; }\r\n    .conv-title { font-size: 20px; text-align: left; }\r\n    .conv-sub { font-size: 16px; text-align: left; }\r\n    .conv-gallery { grid-template-columns: repeat(auto-fit, minmax(110px, 1fr)); }\r\n  }\r\n<\/style>\r\n\r\n<div class=\"convocatoria-container\" role=\"region\" aria-labelledby=\"convocatoria-title\">\r\n  <div class=\"conv-header\">\r\n    <div class=\"conv-logo\" aria-hidden=\"true\">\r\n      <i class=\"fa-solid fa-school\" style=\"font-size: 20px\"><\/i>\r\n    <\/div>\r\n    <div>\r\n      <h2 id=\"convocatoria-title\" class=\"conv-title\">\r\n        CONOCES LAS CONVOCATORIAS Y PROCESOS DE ADMISI\u00d3N\r\n      <\/h2>\r\n      <div class=\"conv-sub\">\r\n        Curso Proped\u00e9utico 2026-1 \u2022 Ingreso 2026-2 \u2022 UAQ Campus Cadereyta\r\n      <\/div>\r\n    <\/div>\r\n  <\/div>\r\n\r\n  <div class=\"conv-content\">\r\n    <div class=\"conv-section\">\r\n      <h3>Promoci\u00f3n de convocatorias UAQ<\/h3>\r\n      <p class=\"conv-text\">\r\n        En apoyo a la difusi\u00f3n de oportunidades educativas, compartimos las convocatorias y procesos de admisi\u00f3n abiertos de la <b>Universidad Aut\u00f3noma de Quer\u00e9taro (UAQ)<\/b> para el ciclo <b>2026-1 y 2026-2<\/b>, especialmente en los campus Cadereyta (Facultad de Contadur\u00eda y Administraci\u00f3n, Facultad de Ciencias Pol\u00edticas y Sociales, y Facultad de Derecho).\r\n      <\/p>\r\n    <\/div>\r\n\r\n    <!-- GALER\u00cdA CON LAS DOS IM\u00c1GENES -->\r\n    <div class=\"conv-gallery\" aria-label=\"Galer\u00eda de la promoci\u00f3n\">\r\n      <div class=\"conv-item\">\r\n        <img decoding=\"async\" src=\"https:\/\/colon.gob.mx\/inicio\/wp-content\/uploads\/2026\/02\/PORTADA_CONV-UAQ.png\" alt=\"Promoci\u00f3n convocatorias UAQ Col\u00f3n\">\r\n        <div class=\"conv-caption\">Convocatorias 2026-1 \/ 2026-2<\/div>\r\n      <\/div>\r\n      <div class=\"conv-item\">\r\n        <img decoding=\"async\" src=\"https:\/\/colon.gob.mx\/inicio\/wp-content\/uploads\/2026\/02\/Mesa-de-trabajo-2.png\" alt=\"Estudiantes UAQ Campus Cadereyta\">\r\n        <div class=\"conv-caption\">Licenciaturas Campus Cadereyta<\/div>\r\n      <\/div>\r\n    <\/div>\r\n\r\n    <!-- BOTONES \/ ACCIONES -->\r\n    <div class=\"conv-actions\" aria-hidden=\"false\">\r\n      <a class=\"btn-download\" href=\"http:\/\/comunidad2.uaq.mx\/Propedeuticos\/registro\/InicioRegistro.do?idc=2268&carrera=LICENCIADO%20EN%20GESTION%20PUBLICA%20Y%20GOBIERNO\" target=\"_blank\" rel=\"noopener noreferrer\" aria-label=\"Formulario de Registro Curso Proped\u00e9utico UAQ\">\r\n        <i class=\"fa-solid fa-user-plus\" aria-hidden=\"true\"><\/i> Formulario de Registro Proped\u00e9utico\r\n      <\/a>\r\n\r\n      <a class=\"btn-outline\" href=\"https:\/\/derecho.uaq.mx\/index.php\/educacion-continua-y-a-distancia\/proceso-de-admision\/conv-derecho-2026-2\" target=\"_blank\" rel=\"noopener noreferrer\" aria-label=\"Convocatoria Facultad de Derecho UAQ 2026-2\">\r\n        <i class=\"fa-solid fa-file-lines\" aria-hidden=\"true\"><\/i> Convocatoria \u2013 Facultad de Derecho 2026-2\r\n      <\/a>\r\n\r\n      <a class=\"btn-outline\" href=\"https:\/\/fca.uaq.mx\/index.php\/oferta-academica\/licenciaturas\" target=\"_blank\" rel=\"noopener noreferrer\" aria-label=\"Oferta Licenciaturas FCA UAQ Campus Cadereyta\">\r\n        <i class=\"fa-solid fa-book-open\" aria-hidden=\"true\"><\/i> Licenciaturas \u2013 FCA UAQ\r\n      <\/a>\r\n    <\/div>\r\n\r\n    <div class=\"conv-section\" style=\"margin-top: 20px; font-size: 13px; color: var(--muted);\">\r\n      <p><b>Nota:<\/b> Toda la informaci\u00f3n y registro se realiza directamente en los portales oficiales de la UAQ. Revisa fechas, requisitos y documentaci\u00f3n en cada enlace. Este espacio solo apoya la promoci\u00f3n de las convocatorias.<\/p>\r\n    <\/div>\r\n  <\/div>\r\n<\/div>\t\t\t\t<\/div>\n\t\t\t\t<\/div>\n\t\t\t\t\t<\/div>\n\t\t<\/div>\n\t\t\t\t\t<\/div>\n\t\t<\/section>\n\t\t\t\t<\/div>\n\t\t","protected":false},"excerpt":{"rendered":"<p>CONOCES LAS CONVOCATORIAS Y PROCESOS DE ADMISI\u00d3N Curso Proped\u00e9utico 2026-1 \u2022 Ingreso 2026-2 \u2022 UAQ Campus Cadereyta Promoci\u00f3n de convocatorias UAQ En apoyo a la difusi\u00f3n de oportunidades educativas, compartimos las convocatorias y procesos de admisi\u00f3n abiertos de la Universidad Aut\u00f3noma de Quer\u00e9taro (UAQ) para el ciclo 2026-1 y 2026-2, &hellip;<\/p>\n","protected":false},"author":1,"featured_media":0,"parent":0,"menu_order":0,"comment_status":"closed","ping_status":"closed","template":"","meta":{"footnotes":""},"class_list":["post-5529","page","type-page","status-publish","hentry"],"_links":{"self":[{"href":"https:\/\/colon.gob.mx\/inicio\/wp-json\/wp\/v2\/pages\/5529","targetHints":{"allow":["GET"]}}],"collection":[{"href":"https:\/\/colon.gob.mx\/inicio\/wp-json\/wp\/v2\/pages"}],"about":[{"href":"https:\/\/colon.gob.mx\/inicio\/wp-json\/wp\/v2\/types\/page"}],"author":[{"embeddable":true,"href":"https:\/\/colon.gob.mx\/inicio\/wp-json\/wp\/v2\/users\/1"}],"replies":[{"embeddable":true,"href":"https:\/\/colon.gob.mx\/inicio\/wp-json\/wp\/v2\/comments?post=5529"}],"version-history":[{"count":36,"href":"https:\/\/colon.gob.mx\/inicio\/wp-json\/wp\/v2\/pages\/5529\/revisions"}],"predecessor-version":[{"id":11127,"href":"https:\/\/colon.gob.mx\/inicio\/wp-json\/wp\/v2\/pages\/5529\/revisions\/11127"}],"wp:attachment":[{"href":"https:\/\/colon.gob.mx\/inicio\/wp-json\/wp\/v2\/media?parent=5529"}],"curies":[{"name":"wp","href":"https:\/\/api.w.org\/{rel}","templated":true}]}}