{"id":3724,"date":"2022-02-23T20:24:28","date_gmt":"2022-02-23T20:24:28","guid":{"rendered":"https:\/\/colon.gob.mx\/inicio\/?page_id=3724"},"modified":"2025-12-16T22:24:53","modified_gmt":"2025-12-16T22:24:53","slug":"programa-anual-de-obra-publica","status":"publish","type":"page","link":"https:\/\/colon.gob.mx\/inicio\/programa-anual-de-obra-publica\/","title":{"rendered":"Programa Anual de Obra P\u00fablica"},"content":{"rendered":"\t\t<div data-elementor-type=\"wp-page\" data-elementor-id=\"3724\" class=\"elementor elementor-3724\">\n\t\t\t\t\t\t<section class=\"elementor-section elementor-top-section elementor-element elementor-element-cf201b7 elementor-section-boxed elementor-section-height-default elementor-section-height-default\" data-id=\"cf201b7\" data-element_type=\"section\" data-e-type=\"section\">\n\t\t\t\t\t\t<div class=\"elementor-container elementor-column-gap-default\">\n\t\t\t\t\t<div class=\"elementor-column elementor-col-100 elementor-top-column elementor-element elementor-element-3218217\" data-id=\"3218217\" data-element_type=\"column\" data-e-type=\"column\">\n\t\t\t<div class=\"elementor-widget-wrap elementor-element-populated\">\n\t\t\t\t\t\t<div class=\"elementor-element elementor-element-21c3221 elementor-widget elementor-widget-html\" data-id=\"21c3221\" data-element_type=\"widget\" data-e-type=\"widget\" data-widget_type=\"html.default\">\n\t\t\t\t<div class=\"elementor-widget-container\">\n\t\t\t\t\t<style>\r\n  .gcuenta-obra {\r\n    background: #fff;\r\n    border-left: 6px solid #470a68;\r\n    padding: 2rem;\r\n    margin: 0 0 2.5rem;\r\n    border-radius: 0 .75rem .75rem .75rem;\r\n    box-shadow: 0 4px 14px rgba(71, 10, 104, .1);\r\n    max-width: 100%;\r\n  }\r\n  .gcuenta-obra__inner {\r\n    margin: 0 auto;\r\n    text-align: left;\r\n  }\r\n  .gcuenta-obra__icon {\r\n    text-align: center;\r\n    margin-bottom: 1rem;\r\n  }\r\n  .gcuenta-obra-icon {\r\n    font-size: 3rem;\r\n    color: #470a68;\r\n    opacity: .95;\r\n  }\r\n  .gcuenta-obra__title {\r\n    font-size: 2.1rem;\r\n    font-weight: 700;\r\n    color: #470a68;\r\n    margin: 0 0 .5rem;\r\n    text-align: center;\r\n    position: relative;\r\n  }\r\n  .gcuenta-obra__title::after {\r\n    content: '';\r\n    display: block;\r\n    width: 70px;\r\n    height: 4px;\r\n    background: #fd6125;\r\n    margin: .75rem auto 0;\r\n    border-radius: 2px;\r\n  }\r\n  .gcuenta-obra__subtitle {\r\n    text-align: center;\r\n    font-size: 1.25rem;\r\n    color: #470a68;\r\n    margin-bottom: 1.5rem;\r\n    font-weight: 600;\r\n  }\r\n  .gcuenta-obra__desc {\r\n    font-size: 1.05rem;\r\n    line-height: 1.7;\r\n    color: #333;\r\n    margin-bottom: 1.2rem;\r\n  }\r\n  .gcuenta-obra__desc p {\r\n    margin: 0 0 1rem;\r\n  }\r\n  .gcuenta-obra__desc strong {\r\n    color: #470a68;\r\n    font-weight: 600;\r\n  }\r\n  .gcuenta-obra__desc em {\r\n    font-style: italic;\r\n    color: #555;\r\n  }\r\n  .gcuenta-obra__note {\r\n    display: flex;\r\n    align-items: center;\r\n    gap: .75rem;\r\n    background: #e8f5f0;\r\n    padding: .9rem 1.2rem;\r\n    border-radius: .5rem;\r\n    font-size: .95rem;\r\n    color: #68bd9d;\r\n    border: 1px solid #a8e6cf;\r\n    font-weight: 500;\r\n  }\r\n  .gcuenta-obra__note i {\r\n    font-size: 1.1rem;\r\n    color: #68bd9d;\r\n  }\r\n  \/* Responsive *\/\r\n  @media (max-width: 768px) {\r\n    .gcuenta-obra {\r\n      padding: 1.5rem;\r\n    }\r\n    .gcuenta-obra__title {\r\n      font-size: 1.8rem;\r\n    }\r\n    .gcuenta-obra-icon {\r\n      font-size: 2.5rem;\r\n    }\r\n    .gcuenta-obra__subtitle {\r\n      font-size: 1.15rem;\r\n    }\r\n    .gcuenta-obra__desc {\r\n      font-size: 1rem;\r\n    }\r\n  }\r\n  @media (max-width: 480px) {\r\n    .gcuenta-obra__note {\r\n      flex-direction: column;\r\n      text-align: center;\r\n      font-size: .9rem;\r\n    }\r\n    .gcuenta-obra__title {\r\n      font-size: 1.6rem;\r\n    }\r\n  }\r\n<\/style>\r\n<section class=\"gcuenta-obra\">\r\n  <div class=\"gcuenta-obra__inner\">\r\n    <!-- Icono institucional -->\r\n    <div class=\"gcuenta-obra__icon\">\r\n      <i class=\"fa-solid fa-hard-hat gcuenta-obra-icon\"><\/i>\r\n    <\/div>\r\n    <!-- T\u00edtulo principal -->\r\n    <h2 class=\"gcuenta-obra__title\">\r\n      Programa Anual de Obra P\u00fablica\r\n    <\/h2>\r\n    <!-- Subt\u00edtulo -->\r\n    <div class=\"gcuenta-obra__subtitle\">\r\n      <strong>Planeaci\u00f3n y ejecuci\u00f3n de obras e infraestructura del H. Ayuntamiento de Col\u00f3n<\/strong>\r\n    <\/div>\r\n    <!-- Descripci\u00f3n -->\r\n    <div class=\"gcuenta-obra__desc\">\r\n      <p>\r\n        En esta secci\u00f3n se publica el <strong>Programa Anual de Obra P\u00fablica<\/strong> del Municipio de Col\u00f3n,\r\n        incluyendo su planeaci\u00f3n, ejecuci\u00f3n y seguimiento, conforme a las obligaciones de transparencia en materia de inversi\u00f3n p\u00fablica.\r\n      <\/p>\r\n      <p>\r\n        Estos documentos detallan las obras prioritarias, asignaci\u00f3n de recursos y avances,\r\n        promoviendo la <em>eficiencia, rendici\u00f3n de cuentas y participaci\u00f3n ciudadana<\/em> en el desarrollo municipal.\r\n      <\/p>\r\n    <\/div>\r\n    <!-- Nota -->\r\n    <div class=\"gcuenta-obra__note\">\r\n      <i class=\"fa-solid fa-circle-info\"><\/i>\r\n      <span>Informaci\u00f3n oficial actualizada | Sujeta a las disposiciones en materia de transparencia y acceso a la informaci\u00f3n p\u00fablica<\/span>\r\n    <\/div>\r\n  <\/div>\r\n<\/section>\t\t\t\t<\/div>\n\t\t\t\t<\/div>\n\t\t\t\t<div class=\"elementor-element elementor-element-1a0e82f elementor-widget elementor-widget-html\" data-id=\"1a0e82f\" data-element_type=\"widget\" data-e-type=\"widget\" data-widget_type=\"html.default\">\n\t\t\t\t<div class=\"elementor-widget-container\">\n\t\t\t\t\t<table class=\"gaccordion-table\">\r\n  <colgroup>\r\n    <col class=\"gaccordion-numeration\" \/>\r\n    <col class=\"gaccordion-title\" \/>\r\n    <col class=\"gaccordion-download\" \/>\r\n  <\/colgroup>\r\n  <thead>\r\n    <tr>\r\n      <th>#<\/th>\r\n      <th>ARCHIVO<\/th>\r\n      <th>Descargar<\/th>\r\n    <\/tr>\r\n  <\/thead>\r\n  <tbody>\r\n    <tr>\r\n      <td class=\"gaccordion-numeration\"><\/td>\r\n      <td class=\"gaccordion-title\">PROGRAMA DE OBRA ANUAL 2025<\/td>\r\n      <td class=\"gaccordion-download\">\r\n        <a href=\"https:\/\/colon.gob.mx\/include\/pdf\/poa\/2025\/PROGRAMA DE OBRA ANUAL 2025.pdf\" target=\"_blank\" rel=\"noopener noreferrer\" class=\"gaccordion-pdf\" aria-label=\"Descargar PDF\"><i class=\"fa-solid fa-file-pdf\"><\/i><\/a>\r\n      <\/td>\r\n    <\/tr>\r\n    <tr>\r\n      <td class=\"gaccordion-numeration\"><\/td>\r\n      <td class=\"gaccordion-title\">PROGRAMA DE OBRA ANUAL 2024<\/td>\r\n      <td class=\"gaccordion-download\">\r\n        <a href=\"https:\/\/colon.gob.mx\/include\/pdf\/poa\/2024\/PROGRAMA DE OBRA ANUAL 2024.pdf\" target=\"_blank\" rel=\"noopener noreferrer\" class=\"gaccordion-pdf\" aria-label=\"Descargar PDF\"><i class=\"fa-solid fa-file-pdf\"><\/i><\/a>\r\n      <\/td>\r\n    <\/tr>\r\n    <tr>\r\n      <td class=\"gaccordion-numeration\"><\/td>\r\n      <td class=\"gaccordion-title\">PROPUESTA DE OBRA ANUAL 2023<\/td>\r\n      <td class=\"gaccordion-download\">\r\n        <a href=\"https:\/\/colon.gob.mx\/include\/pdf\/informacion publica\/I\/ACUERDOS\/PROPUESTA DE OBRA ANUAL 2023.pdf\" target=\"_blank\" rel=\"noopener noreferrer\" class=\"gaccordion-pdf\" aria-label=\"Descargar PDF\"><i class=\"fa-solid fa-file-pdf\"><\/i><\/a>\r\n      <\/td>\r\n    <\/tr>\r\n    <tr>\r\n      <td class=\"gaccordion-numeration\"><\/td>\r\n      <td class=\"gaccordion-title\">OBRAS EJECUTADAS 2023<\/td>\r\n      <td class=\"gaccordion-download\">\r\n        <a href=\"https:\/\/colon.gob.mx\/include\/pdf\/informacion publica\/I\/ACUERDOS\/OBRAS EJECUTADAS 2023.pdf\" target=\"_blank\" rel=\"noopener noreferrer\" class=\"gaccordion-pdf\" aria-label=\"Descargar PDF\"><i class=\"fa-solid fa-file-pdf\"><\/i><\/a>\r\n      <\/td>\r\n    <\/tr>\r\n    <tr>\r\n      <td class=\"gaccordion-numeration\"><\/td>\r\n      <td class=\"gaccordion-title\">Programa Anual de Obra P\u00fablica 2022<\/td>\r\n      <td class=\"gaccordion-download\">\r\n        <a href=\"https:\/\/colon.gob.mx\/include\/pdf\/informacion publica\/I\/ACUERDOS\/PROPUESTA DEL PROGRAMA DE OBRA ANUAL 2022.pdf\" target=\"_blank\" rel=\"noopener noreferrer\" class=\"gaccordion-pdf\" aria-label=\"Descargar PDF\"><i class=\"fa-solid fa-file-pdf\"><\/i><\/a>\r\n      <\/td>\r\n    <\/tr>\r\n    <tr>\r\n      <td class=\"gaccordion-numeration\"><\/td>\r\n      <td class=\"gaccordion-title\">OBRAS PUBLICAS EJECUTADAS EN EL 2022<\/td>\r\n      <td class=\"gaccordion-download\">\r\n        <a href=\"https:\/\/colon.gob.mx\/include\/pdf\/informacion publica\/I\/ACUERDOS\/OBRAS PUBLICAS EJECUTADAS EN EL 2022.pdf\" target=\"_blank\" rel=\"noopener noreferrer\" class=\"gaccordion-pdf\" aria-label=\"Descargar PDF\"><i class=\"fa-solid fa-file-pdf\"><\/i><\/a>\r\n      <\/td>\r\n    <\/tr>\r\n    <tr>\r\n      <td class=\"gaccordion-numeration\"><\/td>\r\n      <td class=\"gaccordion-title\">Programa Anual de Obra P\u00fablica 2021<\/td>\r\n      <td class=\"gaccordion-download\">\r\n        <a href=\"https:\/\/colon.gob.mx\/include\/pdf\/informacion publica\/I\/ACUERDOS\/Programa Anual de Obra Publica 2021.pdf\" target=\"_blank\" rel=\"noopener noreferrer\" class=\"gaccordion-pdf\" aria-label=\"Descargar PDF\"><i class=\"fa-solid fa-file-pdf\"><\/i><\/a>\r\n      <\/td>\r\n    <\/tr>\r\n    <tr>\r\n      <td class=\"gaccordion-numeration\"><\/td>\r\n      <td class=\"gaccordion-title\">Programa anual de obra p\u00fablica 2020<\/td>\r\n      <td class=\"gaccordion-download\">\r\n        <a href=\"https:\/\/colon.gob.mx\/include\/pdf\/informacion publica\/I\/ACUERDOS\/PROGRAMA DE OBRA ANUAL 2020.pdf\" target=\"_blank\" rel=\"noopener noreferrer\" class=\"gaccordion-pdf\" aria-label=\"Descargar PDF\"><i class=\"fa-solid fa-file-pdf\"><\/i><\/a>\r\n      <\/td>\r\n    <\/tr>\r\n    <tr>\r\n      <td class=\"gaccordion-numeration\"><\/td>\r\n      <td class=\"gaccordion-title\">Programa anual de obra p\u00fablica 2019<\/td>\r\n      <td class=\"gaccordion-download\">\r\n        <a href=\"https:\/\/colon.gob.mx\/include\/pdf\/poa\/2019\/POA 2019.pdf\" target=\"_blank\" rel=\"noopener noreferrer\" class=\"gaccordion-pdf\" aria-label=\"Descargar PDF\"><i class=\"fa-solid fa-file-pdf\"><\/i><\/a>\r\n      <\/td>\r\n    <\/tr>\r\n    <tr>\r\n      <td class=\"gaccordion-numeration\"><\/td>\r\n      <td class=\"gaccordion-title\">Acuerdo por el que se modifica el programa de obra anual para el ejercicio fiscal 2019 del municipio de Col\u00f3n<\/td>\r\n      <td class=\"gaccordion-download\">\r\n        <a href=\"https:\/\/colon.gob.mx\/include\/pdf\/informacion publica\/I\/ACUERDOS\/ACUERDO POR EL QUE SE MODIFICA EL PROGRAMA DE OBRA ANUAL  PARA EL EJERCICIO FISCAL 2019 DEL MUNICIPIO DE COLON.pdf\" target=\"_blank\" rel=\"noopener noreferrer\" class=\"gaccordion-pdf\" aria-label=\"Descargar PDF\"><i class=\"fa-solid fa-file-pdf\"><\/i><\/a>\r\n      <\/td>\r\n    <\/tr>\r\n    <tr>\r\n      <td class=\"gaccordion-numeration\"><\/td>\r\n      <td class=\"gaccordion-title\">Programa anual de obra p\u00fablica 2018<\/td>\r\n      <td class=\"gaccordion-download\">\r\n        <a href=\"https:\/\/colon.gob.mx\/include\/pdf\/poa\/2018\/Programa anual de obra publica 2018.pdf\" target=\"_blank\" rel=\"noopener noreferrer\" class=\"gaccordion-pdf\" aria-label=\"Descargar PDF\"><i class=\"fa-solid fa-file-pdf\"><\/i><\/a>\r\n      <\/td>\r\n    <\/tr>\r\n    <tr>\r\n      <td class=\"gaccordion-numeration\"><\/td>\r\n      <td class=\"gaccordion-title\">Programa de obra FISM 2017<\/td>\r\n      <td class=\"gaccordion-download\">\r\n        <a href=\"https:\/\/colon.gob.mx\/include\/pdf\/poa\/2017\/poa2017.pdf\" target=\"_blank\" rel=\"noopener noreferrer\" class=\"gaccordion-pdf\" aria-label=\"Descargar PDF\"><i class=\"fa-solid fa-file-pdf\"><\/i><\/a>\r\n      <\/td>\r\n    <\/tr>\r\n    <tr>\r\n      <td class=\"gaccordion-numeration\"><\/td>\r\n      <td class=\"gaccordion-title\">Acuerdo por el que se modifica el Programa Anual de Obra P\u00fablica para el ejercicio fiscal 2017<\/td>\r\n      <td class=\"gaccordion-download\">\r\n        <a href=\"https:\/\/colon.gob.mx\/include\/pdf\/informacion publica\/I\/LEYES\/Acuerdo por el que se modifica el Programa Anual de Obra Publica para el ejercicio fiscal 2017.pdf\" target=\"_blank\" rel=\"noopener noreferrer\" class=\"gaccordion-pdf\" aria-label=\"Descargar PDF\"><i class=\"fa-solid fa-file-pdf\"><\/i><\/a>\r\n      <\/td>\r\n    <\/tr>\r\n    <tr>\r\n      <td class=\"gaccordion-numeration\"><\/td>\r\n      <td class=\"gaccordion-title\">Acuerdo por el que se aprueba el Programa Anual de Obra P\u00fablica para el ejercicio fiscal 2017<\/td>\r\n      <td class=\"gaccordion-download\">\r\n        <a href=\"https:\/\/colon.gob.mx\/include\/pdf\/poa\/2017\/Acuerdo por el que se aprueba el Programa Anual de Obra Publica para el ejercicio fiscal 2017.pdf\" target=\"_blank\" rel=\"noopener noreferrer\" class=\"gaccordion-pdf\" aria-label=\"Descargar PDF\"><i class=\"fa-solid fa-file-pdf\"><\/i><\/a>\r\n      <\/td>\r\n    <\/tr>\r\n    <tr>\r\n      <td class=\"gaccordion-numeration\"><\/td>\r\n      <td class=\"gaccordion-title\">Programa Anual de Obra P\u00fablica Ejercicio fiscal 2016 POA 2016<\/td>\r\n      <td class=\"gaccordion-download\">\r\n        <a href=\"https:\/\/colon.gob.mx\/include\/pdf\/poa\/Programa Anual de Obra Publica Ejercicio fiscal 2016  POA 2016.pdf\" target=\"_blank\" rel=\"noopener noreferrer\" class=\"gaccordion-pdf\" aria-label=\"Descargar PDF\"><i class=\"fa-solid fa-file-pdf\"><\/i><\/a>\r\n      <\/td>\r\n    <\/tr>\r\n    <tr>\r\n      <td class=\"gaccordion-numeration\"><\/td>\r\n      <td class=\"gaccordion-title\">diciembre<\/td>\r\n      <td class=\"gaccordion-download\">\r\n        <a href=\"https:\/\/colon.gob.mx\/include\/pdf\/poa\/DICIEMBRE.pdf\" target=\"_blank\" rel=\"noopener noreferrer\" class=\"gaccordion-pdf\" aria-label=\"Descargar PDF\"><i class=\"fa-solid fa-file-pdf\"><\/i><\/a>\r\n      <\/td>\r\n    <\/tr>\r\n    <tr>\r\n      <td class=\"gaccordion-numeration\"><\/td>\r\n      <td class=\"gaccordion-title\">agosto<\/td>\r\n      <td class=\"gaccordion-download\">\r\n        <a href=\"https:\/\/colon.gob.mx\/include\/pdf\/poa\/AGOSTO.pdf\" target=\"_blank\" rel=\"noopener noreferrer\" class=\"gaccordion-pdf\" aria-label=\"Descargar PDF\"><i class=\"fa-solid fa-file-pdf\"><\/i><\/a>\r\n      <\/td>\r\n    <\/tr>\r\n    <tr>\r\n      <td class=\"gaccordion-numeration\"><\/td>\r\n      <td class=\"gaccordion-title\">julio<\/td>\r\n      <td class=\"gaccordion-download\">\r\n        <a href=\"https:\/\/colon.gob.mx\/include\/pdf\/poa\/JULIO.pdf\" target=\"_blank\" rel=\"noopener noreferrer\" class=\"gaccordion-pdf\" aria-label=\"Descargar PDF\"><i class=\"fa-solid fa-file-pdf\"><\/i><\/a>\r\n      <\/td>\r\n    <\/tr>\r\n    <tr>\r\n      <td class=\"gaccordion-numeration\"><\/td>\r\n      <td class=\"gaccordion-title\">febrero<\/td>\r\n      <td class=\"gaccordion-download\">\r\n        <a href=\"https:\/\/colon.gob.mx\/include\/pdf\/poa\/FEBRERO.pdf\" target=\"_blank\" rel=\"noopener noreferrer\" class=\"gaccordion-pdf\" aria-label=\"Descargar PDF\"><i class=\"fa-solid fa-file-pdf\"><\/i><\/a>\r\n      <\/td>\r\n    <\/tr>\r\n    <tr>\r\n      <td class=\"gaccordion-numeration\"><\/td>\r\n      <td class=\"gaccordion-title\">enero<\/td>\r\n      <td class=\"gaccordion-download\">\r\n        <a href=\"https:\/\/colon.gob.mx\/include\/pdf\/poa\/ENERO.pdf\" target=\"_blank\" rel=\"noopener noreferrer\" class=\"gaccordion-pdf\" aria-label=\"Descargar PDF\"><i class=\"fa-solid fa-file-pdf\"><\/i><\/a>\r\n      <\/td>\r\n    <\/tr>\r\n    <tr>\r\n      <td class=\"gaccordion-numeration\"><\/td>\r\n      <td class=\"gaccordion-title\">Aprobacion del Programa Anual de Obra P\u00fablica Ejercicio Fiscal 2016<\/td>\r\n      <td class=\"gaccordion-download\">\r\n        <a href=\"https:\/\/colon.gob.mx\/include\/pdf\/poa\/Aprobacion del Programa Anual de Obra Publica Ejercicio Fiscal 2016.pdf\" target=\"_blank\" rel=\"noopener noreferrer\" class=\"gaccordion-pdf\" aria-label=\"Descargar PDF\"><i class=\"fa-solid fa-file-pdf\"><\/i><\/a>\r\n      <\/td>\r\n    <\/tr>\r\n    <tr>\r\n      <td class=\"gaccordion-numeration\"><\/td>\r\n      <td class=\"gaccordion-title\">Acuerdo por el que se aprueba el Programa Anual de Obra P\u00fablica para el ejercicio fiscal 2016<\/td>\r\n      <td class=\"gaccordion-download\">\r\n        <a href=\"https:\/\/colon.gob.mx\/include\/pdf\/poa\/Acuerdo por el que se aprueba el Programa Anual de Obra Pu\u0301blica para el ejercicio fiscal 2016.pdf\" target=\"_blank\" rel=\"noopener noreferrer\" class=\"gaccordion-pdf\" aria-label=\"Descargar PDF\"><i class=\"fa-solid fa-file-pdf\"><\/i><\/a>\r\n      <\/td>\r\n    <\/tr>\r\n  <\/tbody>\r\n<\/table>\r\n\r\n<script>\r\n  \/* ==== Enumeraci\u00f3n autom\u00e1tica ==== *\/\r\n  document.querySelectorAll('.gaccordion-table tbody').forEach(tbody => {\r\n    const rows = tbody.querySelectorAll('tr');\r\n    rows.forEach((row, idx) => {\r\n      const numCell = row.querySelector('.gaccordion-numeration');\r\n      if (numCell) numCell.textContent = idx + 1;\r\n    });\r\n  });\r\n<\/script>\t\t\t\t<\/div>\n\t\t\t\t<\/div>\n\t\t\t\t<div class=\"elementor-element elementor-element-170b57e elementor-widget elementor-widget-html\" data-id=\"170b57e\" data-element_type=\"widget\" data-e-type=\"widget\" data-widget_type=\"html.default\">\n\t\t\t\t<div class=\"elementor-widget-container\">\n\t\t\t\t\t<!-- ==================== FOOTER Programa Anual de Obra P\u00fablica ==================== -->\r\n<footer class=\"gcuenta-footer-simple\">\r\n  <div class=\"gcuenta-footer-simple__inner\">\r\n    <p class=\"gcuenta-footer-simple__update\">\r\n      \u00daltima actualizaci\u00f3n: <strong>diciembre de 2025<\/strong>\r\n    <\/p>\r\n    <p class=\"gcuenta-footer-simple__note\">\r\n      Informaci\u00f3n sujeta a evaluaci\u00f3n y verificaci\u00f3n por las <em>autoridades competentes<\/em>.\r\n    <\/p>\r\n    <p class=\"gcuenta-footer-simple__credit\">\r\n      H. Ayuntamiento de Col\u00f3n, Quer\u00e9taro | 2024 \u2013 2027\r\n    <\/p>\r\n  <\/div>\r\n<\/footer>\r\n<style>\r\n  .gcuenta-footer-simple {\r\n    background: #f8f9fa;\r\n    border-top: 1px solid #e9ecef;\r\n    padding: 1.5rem 1rem;\r\n    margin: 2rem 0;\r\n    font-size: .875rem;\r\n    color: #555;\r\n    text-align: center;\r\n  }\r\n  .gcuenta-footer-simple__inner {\r\n    max-width: 900px;\r\n    margin: 0 auto;\r\n  }\r\n  .gcuenta-footer-simple__update,\r\n  .gcuenta-footer-simple__note,\r\n  .gcuenta-footer-simple__credit {\r\n    margin: 0 0 .75rem;\r\n    line-height: 1.5;\r\n  }\r\n  .gcuenta-footer-simple__update strong {\r\n    color: #333;\r\n    font-weight: 600;\r\n  }\r\n  .gcuenta-footer-simple__note em {\r\n    font-style: italic;\r\n    color: #444;\r\n  }\r\n  .gcuenta-footer-simple__credit {\r\n    font-size: .8rem;\r\n    color: #777;\r\n    margin-bottom: 0;\r\n  }\r\n  @media (max-width: 480px) {\r\n    .gcuenta-footer-simple {\r\n      padding: 1.25rem .75rem;\r\n      font-size: .8rem;\r\n    }\r\n  }\r\n<\/style>\t\t\t\t<\/div>\n\t\t\t\t<\/div>\n\t\t\t\t\t<\/div>\n\t\t<\/div>\n\t\t\t\t\t<\/div>\n\t\t<\/section>\n\t\t\t\t<section class=\"elementor-section elementor-top-section elementor-element elementor-element-3a3100b7 elementor-hidden-desktop elementor-hidden-tablet elementor-hidden-mobile elementor-section-boxed elementor-section-height-default elementor-section-height-default\" data-id=\"3a3100b7\" data-element_type=\"section\" data-e-type=\"section\">\n\t\t\t\t\t\t<div class=\"elementor-container elementor-column-gap-default\">\n\t\t\t\t\t<div class=\"elementor-column elementor-col-100 elementor-top-column elementor-element elementor-element-2564d7db\" data-id=\"2564d7db\" data-element_type=\"column\" data-e-type=\"column\">\n\t\t\t<div class=\"elementor-widget-wrap elementor-element-populated\">\n\t\t\t\t\t\t<div class=\"elementor-element elementor-element-20b075cc elementor-widget elementor-widget-text-editor\" data-id=\"20b075cc\" data-element_type=\"widget\" data-e-type=\"widget\" data-widget_type=\"text-editor.default\">\n\t\t\t\t<div class=\"elementor-widget-container\">\n\t\t\t\t\t\t\t\t\t\n<p><iframe class=\"\" style=\"width: 100%; max-width: 100%; height: 320px;\" src=\"https:\/\/www.colon.gob.mx\/Cobrapublica.php\" frameborder=\"0\" allowfullscreen=\"allowfullscreen\"><\/iframe><\/p>\n\t\t\t\t\t\t\t\t<\/div>\n\t\t\t\t<\/div>\n\t\t\t\t\t<\/div>\n\t\t<\/div>\n\t\t\t\t\t<\/div>\n\t\t<\/section>\n\t\t\t\t<\/div>\n\t\t","protected":false},"excerpt":{"rendered":"<p>Programa Anual de Obra P\u00fablica Planeaci\u00f3n y ejecuci\u00f3n de obras e infraestructura del H. Ayuntamiento de Col\u00f3n En esta secci\u00f3n se publica el Programa Anual de Obra P\u00fablica del Municipio de Col\u00f3n, incluyendo su planeaci\u00f3n, ejecuci\u00f3n y seguimiento, conforme a las obligaciones de transparencia en materia de inversi\u00f3n p\u00fablica. Estos &hellip;<\/p>\n","protected":false},"author":1,"featured_media":0,"parent":0,"menu_order":0,"comment_status":"closed","ping_status":"closed","template":"","meta":{"footnotes":""},"class_list":["post-3724","page","type-page","status-publish","hentry"],"_links":{"self":[{"href":"https:\/\/colon.gob.mx\/inicio\/wp-json\/wp\/v2\/pages\/3724","targetHints":{"allow":["GET"]}}],"collection":[{"href":"https:\/\/colon.gob.mx\/inicio\/wp-json\/wp\/v2\/pages"}],"about":[{"href":"https:\/\/colon.gob.mx\/inicio\/wp-json\/wp\/v2\/types\/page"}],"author":[{"embeddable":true,"href":"https:\/\/colon.gob.mx\/inicio\/wp-json\/wp\/v2\/users\/1"}],"replies":[{"embeddable":true,"href":"https:\/\/colon.gob.mx\/inicio\/wp-json\/wp\/v2\/comments?post=3724"}],"version-history":[{"count":7,"href":"https:\/\/colon.gob.mx\/inicio\/wp-json\/wp\/v2\/pages\/3724\/revisions"}],"predecessor-version":[{"id":10485,"href":"https:\/\/colon.gob.mx\/inicio\/wp-json\/wp\/v2\/pages\/3724\/revisions\/10485"}],"wp:attachment":[{"href":"https:\/\/colon.gob.mx\/inicio\/wp-json\/wp\/v2\/media?parent=3724"}],"curies":[{"name":"wp","href":"https:\/\/api.w.org\/{rel}","templated":true}]}}