{"id":1823,"date":"2020-11-18T20:02:35","date_gmt":"2020-11-18T20:02:35","guid":{"rendered":"https:\/\/colon.gob.mx\/inicio\/?page_id=1823"},"modified":"2025-06-30T22:37:09","modified_gmt":"2025-06-30T22:37:09","slug":"tsm-secretaria-general-de-seguridad-publica-policia-preventiva-y-transito-municipal","status":"publish","type":"page","link":"https:\/\/colon.gob.mx\/inicio\/tsm-secretaria-general-de-seguridad-publica-policia-preventiva-y-transito-municipal\/","title":{"rendered":"TSM Secretar\u00eda General de Seguridad P\u00fablica, Polic\u00eda Preventiva y Tr\u00e1nsito Municipal"},"content":{"rendered":"\n<style type=\"text\/css\">\n.tftable {font-size:12px;color:#333333;width:100%;border-width: 1px;border-color: #f7f7f7;border-collapse: collapse;}\n.tftable th {font-size:1.5em;background-color:#f7f7f7;border-width: 1px;padding: 1em;border-style: solid;border-color: #dfdfdf;text-align:left; font: 150% sans-serif; font-weight: bold; text-transform: capitalize; }\n.tftable tr {background-color:#ffffff;}\n.tftable td {font-size:1.5em;border-width: 1px;padding: 1em; border-style: solid;border-color: #dfdfdf; font: 150% sans-serif;}\n.tftable tr:hover {background-color:#eeebfb; }\na { color: #007bff;}\n<\/style>\n\n<table class=\"tftable\" border=\"1\">\n<tr><th>C\u00f3digo<\/th><th>Tr\u00e1mite y\/o Servicio<\/th><\/tr>\n<tr>\n  <td style=\"width:25%\">SSyCP-358-2024 ANEXO RETMS MR<\/td>\n  <td><a href=\"https:\/\/www.colon.gob.mx\/include\/pdf\/informacion publica\/III\/SECRETARIA GENERAL DE SEGURIDAD PUBLICA,POLICIA PREVENTIVA Y TRANCITO MUNICIPAL\/SSyCP-358-2024 ANEXO RETMS MR.xlsx\" target=\"_blank\" rel=\"noopener noreferrer\">Seguridad P\u00fablica<\/a><\/td>\n<\/tr>\n<tr>\n  <td style=\"width:25%\">SSyPC-0358-2024 SE INFORMAN RETMS MR<\/td>\n  <td><a href=\"https:\/\/www.colon.gob.mx\/include\/pdf\/informacion publica\/III\/SECRETARIA GENERAL DE SEGURIDAD PUBLICA,POLICIA PREVENTIVA Y TRANCITO MUNICIPAL\/SSyPC-0358-2024 SE INFORMAN RETMS MR.docx\" target=\"_blank\" rel=\"noopener noreferrer\">Seguridad P\u00fablica<\/a><\/td>\n<\/tr>\n<\/table>\n","protected":false},"excerpt":{"rendered":"<p>C\u00f3digo Tr\u00e1mite y\/o Servicio SSyCP-358-2024 ANEXO RETMS MR Seguridad P\u00fablica SSyPC-0358-2024 SE INFORMAN RETMS MR Seguridad P\u00fablica<\/p>\n","protected":false},"author":1,"featured_media":0,"parent":0,"menu_order":0,"comment_status":"closed","ping_status":"closed","template":"","meta":{"footnotes":""},"class_list":["post-1823","page","type-page","status-publish","hentry"],"_links":{"self":[{"href":"https:\/\/colon.gob.mx\/inicio\/wp-json\/wp\/v2\/pages\/1823","targetHints":{"allow":["GET"]}}],"collection":[{"href":"https:\/\/colon.gob.mx\/inicio\/wp-json\/wp\/v2\/pages"}],"about":[{"href":"https:\/\/colon.gob.mx\/inicio\/wp-json\/wp\/v2\/types\/page"}],"author":[{"embeddable":true,"href":"https:\/\/colon.gob.mx\/inicio\/wp-json\/wp\/v2\/users\/1"}],"replies":[{"embeddable":true,"href":"https:\/\/colon.gob.mx\/inicio\/wp-json\/wp\/v2\/comments?post=1823"}],"version-history":[{"count":3,"href":"https:\/\/colon.gob.mx\/inicio\/wp-json\/wp\/v2\/pages\/1823\/revisions"}],"predecessor-version":[{"id":8134,"href":"https:\/\/colon.gob.mx\/inicio\/wp-json\/wp\/v2\/pages\/1823\/revisions\/8134"}],"wp:attachment":[{"href":"https:\/\/colon.gob.mx\/inicio\/wp-json\/wp\/v2\/media?parent=1823"}],"curies":[{"name":"wp","href":"https:\/\/api.w.org\/{rel}","templated":true}]}}